t v(x) = 13*x**2 - 885*x + 156. Determine v(68).
88
Let q(h) = -2*h**2 - 278*h + 8451. Give q(-165).
-129
Let t(c) = -2*c**2 - 150636*c - 903785. Calculate t(-6).
-41
Let i(h) = 2449*h + 23638. Give i(-10).
-852
Let m(p) = -566*p**2 - 2268*p + 103. What is m(-4)?
119
Let j(d) = d**3 - 43*d**2 - 1251*d + 154. What is j(-20)?
-26
Let t(g) = -2*g**2 + 1764*g + 164478. What is t(-85)?
88
Let d(r) = 7*r**3 + 224*r**2 + r + 10. Give d(-32).
-22
Let u(q) = 1054*q - 86724. Calculate u(82).
-296
Let o(p) = -1105*p + 37535. Calculate o(33).
1070
Let t(p) = 7937*p + 134431. Calculate t(-17).
-498
Let y(x) = 2805*x + 39210. Calculate y(-14).
-60
Let s(z) = -6*z**3 - 1940*z**2 + 1491*z + 63157. Calculate s(-324).
-23
Let d(s) = -565*s**2 - 13002*s + 9. Give d(-23).
170
Let k(m) = -7*m - 600. Determine k(-41).
-313
Let m(p) = -2*p**3 - 6*p**2 + 71*p - 73. Give m(-8).
-1
Let r(i) = 2203*i - 31137. Give r(14).
-295
Let j(t) = 367*t**2 + 8436*t - 96. Determine j(-23).
19
Let s(u) = -484*u + 6035. Determine s(13).
-257
Let t(h) = -95203*h + 2189704. Give t(23).
35
Let v(i) = -5427*i + 43356. What is v(8)?
-60
Let h(g) = 13412*g + 254754. Give h(-19).
-74
Let i(m) = 100388*m + 602348. Calculate i(-6).
20
Let h(g) = -1715*g - 14016. Determine h(-8).
-296
Let a(u) = -513*u + 655. Give a(2).
-371
Let m(x) = x**2 + 15032*x - 9915951. Calculate m(633).
-6
Let x(v) = -v**3 - 12*v**2 + 2683*v + 26539. Give x(-10).
-491
Let a(h) = 250537*h + 1252694. Give a(-5).
9
Let d(g) = -g**2 - 513*g - 6035. Determine d(-501).
-23
Let g(y) = 5*y**2 + 2427*y - 87195. Give g(-519).
-3
Let x(n) = -n**2 + 46*n - 65. What is x(11)?
320
Let p(d) = -d**2 + 27*d - 144. Give p(30).
-234
Let f(a) = -a**3 - 63*a**2 - 828*a - 804. What is f(-45)?
6
Let j(q) = 565*q**3 - 17*q**2 - 14*q + 1. Give j(-1).
-567
Let i(y) = -y**3 + y**2 + 32798*y - 131188. Calculate i(4).
-44
Let f(y) = -2*y**3 + 19*y**2 + 550*y - 60. Give f(22).
-60
Let x(m) = -2*m**3 + 25*m**2 + 1821*m - 5678. What is x(3)?
-44
Let q(w) = 10348*w + 310348. Determine q(-30).
-92
Let f(u) = -105*u**2 + 49*u + 583. Give f(-2).
65
Let p(h) = -h**3 + 192*h**2 - 176*h - 2767. Calculate p(191).
98
Let y(c) = -758*c - 2669. Give y(-4).
363
Let k(z) = 256*z + 3400. Calculate k(-17).
-952
Let x(v) = 9975*v - 28890. What is x(3)?
1035
Let m(u) = -242*u - 8169. Calculate m(-34).
59
Let m(y) = 3*y**2 + 1124*y + 12993. Calculate m(-12).
-63
Let u(n) = 2*n**2 - 6883*n - 441562. Calculate u(-63).
5
Let u(n) = -8*n**2 + 220*n - 2306. Determine u(9).
-974
Let u(j) = 306875*j + 25163761. Give u(-82).
11
Let m(x) = -26*x**2 + 102*x + 349. Determine m(-3).
-191
Let c(w) = -59*w**2 - 43*w + 216. Give c(6).
-2166
Let u(s) = -14*s**2 + 1804*s - 16796. Calculate u(10).
-156
Let m(g) = -6*g**2 - 12381*g - 74062. What is m(-6)?
8
Let d(k) = 3*k**2 + 83*k - 13. Give d(-29).
103
Let l(z) = -10453*z - 867629. Determine l(-83).
-30
Let r(y) = -y**3 - 64*y**2 + 2196*y + 92053. Give r(-77).
38
Let m(k) = -30*k**3 + 6*k**2 + 215*k + 615. Give m(-3).
834
Let n(t) = t**3 + 106*t**2 + 310*t + 89. Give n(-103).
-14
Let o(h) = 276347*h - 1658091. Calculate o(6).
-9
Let t(g) = -18*g**2 - 9900*g - 3. Calculate t(-550).
-3
Let s(i) = -8*i**2 - 1717*i - 11904. Calculate s(-208).
-880
Let b(p) = -251*p**2 + 196044*p - 10148. Give b(781).
5
Let v(m) = m**2 - 7301*m - 139150. What is v(-19)?
-70
Let u(l) = -63684*l - 127382. Calculate u(-2).
-14
Let j(q) = 11036*q - 7063031. What is j(640)?
9
Let a(t) = 8592*t + 51546. What is a(-6)?
-6
Let u(m) = 4*m**3 + 199*m**2 + 70*m + 6002. What is u(-50)?
2
Let t(o) = 7*o**2 - 963*o - 8153. What is t(-8)?
-1
Let k(j) = 3*j**2 - 277*j - 22480. What is k(-52)?
36
Let u(c) = 2*c**3 - 122*c**2 + 5*c - 381. Give u(61).
-76
Let d(j) = -40*j**3 + 9482*j**2 - 460*j - 3380. Give d(237).
-62
Let f(a) = 3*a**3 - 686*a**2 + 24772*a - 21340. Give f(184).
4
Let h(z) = -30596*z - 61179. Give h(-2).
13
Let h(y) = 1883644*y + 13185516. Give h(-7).
8
Let z(g) = -1025*g - 224951. Give z(-219).
-476
Let u(v) = 5*v**3 - 47*v**2 - 277*v + 66. Determine u(-6).
-1044
Let d(h) = h**3 - 95*h**2 + 451*h - 72. Determine d(90).
18
Let v(n) = -4929*n - 29696. Calculate v(-6).
-122
Let m(q) = 5877*q + 1528019. Calculate m(-260).
-1
Let z(x) = x**3 - 410*x**2 - 47*x + 19422. Determine z(410).
152
Let d(p) = -613*p + 23315. Determine d(38).
21
Let f(c) = -5*c**3 - 77*c**2 + 2428*c + 135. Give f(-31).
-175
Let f(h) = -12368*h - 185567. Calculate f(-15).
-47
Let h(v) = -2*v**2 + 2962*v - 905093. Give h(431).
7
Let w(d) = 303*d**2 - 920*d - 1842. Give w(-2).
1210
Let i(s) = -667*s**2 + 12672*s + 1. Calculate i(19).
-18
Let g(x) = x**3 + 99*x**2 + 502*x + 29559. Calculate g(-97).
-317
Let d(p) = 327*p**2 + 2602*p + 6. Calculate d(-9).
3075
Let o(t) = 14*t**2 + 6*t - 168. Calculate o(-7).
476
Let t(k) = 5*k**3 + 27*k**2 + 42*k + 5. Give t(-2).
-11
Let m(n) = -1822*n + 570275. What is m(313)?
-11
Let y(c) = -30*c**3 - 12*c**2 + 3*c. Calculate y(3).
-909
Let d(p) = -11*p**2 + 43*p + 295. Calculate d(9).
-209
Let x(i) = -i**2 - 29309*i - 3037332. What is x(-104)?
-12
Let x(t) = 8*t**3 + 2270*t**2 - 563*t + 1428. Calculate x(-284).
8
Let l(d) = 1210*d - 81020. What is l(67)?
50
Let c(j) = 12*j**3 + 1452*j**2 + 1013*j + 122578. Calculate c(-121).
5
Let q(r) = -522247*r - 522236. Determine q(-1).
11
Let a(u) = -1755*u - 812526. Determine a(-463).
39
Let f(y) = 131*y**3 + y**2 + y - 19. What is f(-2)?
-1065
Let k(t) = 19*t - 3738. What is k(-3)?
-3795
Let k(q) = -17*q**2 + 74*q + 168. Determine k(-2).
-48
Let z(m) = -4*m**2 + 395*m - 3096. Determine z(8).
-192
Let j(b) = 26653*b + 2985125. Determine j(-112).
-11
Let j(w) = -2285*w**2 - 52607*w + 23. Determine j(-23).
1219
Let f(r) = r**3 + 47*r**2 + 136*r + 385. What is f(-44)?
209
Let s(a) = 136*a + 275. Determine s(-8).
-813
Let o(w) = -177*w**3 + 2833*w**2 - 11*w - 65. Give o(16).
15
Let a(y) = -48*y**2 - 14269*y - 3853. What is a(-297)?
8
Let z(s) = -s**3 - 139*s**2 - 1517*s + 759. Calculate z(-127).
-130
Let q(d) = 275371*d - 35522858. Give q(129).
1
Let k(y) = 96*y**2 - 1432*y + 1431. Calculate k(1).
95
Let y(h) = 4183*h - 188231. Determine y(45).
4
Let s(l) = -34920*l - 104774. Give s(-3).
-14
Let w(c) = -7*c**2 + 18065*c - 411775. What is w(23)?
17
Let v(s) = -4*s**3 + 234*s**2 + 119*s - 75. Determine v(59).
-16
Let c(b) = 7*b**3 - 450*b**2 - 1229*b - 2925. Determine c(67).
23
Let n(c) = 14458*c - 115657. Calculate n(8).
7
Let v(q) = -214*q - 3177. Give v(-14).
-181
Let l(o) = 29954*o + 479269. Calculate l(-16).
5
Let o(b) = -358*b - 5101. Calculate o(-20).
2059
Let d(b) = -180*b**2 + 12634*b - 2254. Give d(70).
126
Let q(a) = -4462*a + 499745. Determine q(112).
1
Let q(p) = 5*p**3 + 6*p**2 + 163*p + 687. Give q(-4).
-189
Let l(t) = -6*t**2 - 170*t + 1785. Calculate l(9).
-231
Let b(x) = -22*x**2 - 330*x - 955. Determine b(-11).
13
Let z(w) = w**2 - 16775*w - 756906. Determine z(-45).
-6
Let b(q) = -q**3 + 60*q**2 - 715*q + 477. What is b(44)?
-7
Let t(i) = 2*i**3 - 50*i**2 - 845*i + 21233. What is t(24)?
-199
Let s(h) = -2*h**2 + 3953*h + 31904. What is s(-8)?
152
Let m(s) = 727*s + 2836. Determine m(-3).
655
Let a(l) = -l**3 + 15*l**2 + 56*l + 215. Calculate a(18).
251
Let s(r) = -22*r**2 + 563*r - 880. Calculate s(24).
-40
Let a(i) = -4660*i - 330864. What is a(-71)?
-4
Let f(o) = o**3 - 226*o**2 + 2578*o - 2083. Give f(214).
57
Let f(u) = 116*u**3 - 3015*u**2 + 35*u - 5. What is f(26)?
1581
Let k(c) = -49*c**2 - 120*c - 109. What is k(-6)?
-1153
Let i(v) = v**3 + 37*v**2 - 907*v + 37. Give i(17).
224
Let n(k) = k**2 + 248*k - 1193. Determine n(5).
72
Let x(r) = -4*r**3 + 26*r**2 - 68*r + 87. Give x(6).
-249
Let t(w) = -3*w**3 + 110*w**2 - 541*w - 162. What is t(6)?
-96
Let p(n) = -1593*n - 31854. Calculate p(-20).
6
Let q(g) = -9*g**3 + 86*g**2 + 243*g - 12. What is q(-3)?
276
Let o(q) = -6*q**3 - 11*q**2 + 41*q. Determine o(-6).
654
Let o(q) = -82651*q - 82755. Give o(-1).
-104
Let b(g) = -5517*g + 628932. What is b(114)?
-6
Let l(b) = 37605*b + 601651. Give l(-16).
-29
Let y(n) = 10*n**3 - 3843*n**2 + 1153*n - 380. Determine y(384).
4
Let b(r) = 2*r**3 + 264*r**2 + 8219*r - 21143. Calculate b(-58).
27
Let n(j) = 3*j**2 + 185*j + 989. Determine n(-6).
-13
Let v(r) = -154*r - 1044. Determine v(-8).
188
Let m(g) = 